what is -10 + 66b?
65b
In base 2, what is 1110 + 1110011000?
1110100110
In base 15, what is 4 - -30?
34
In base 12, what is 108 - -2?
10a
In base 16, what is a0 + 10?
b0
In base 7, what is -1600 - -5?
-1562
In base 4, what is 21 - -1301?
1322
In base 11, what is 0 + -143?
-143
In base 4, what is 3031 - -11?
3102
In base 12, what is 638 - 10?
628
In base 14, what is 1 + -70?
-6d
In base 5, what is -1410 + -10?
-1420
In base 2, what is 110 + -1?
101
In base 16, what is -2f - -4d?
1e
In base 10, what is 55 + 5?
60
In base 12, what is 3 + -35b3?
-35b0
In base 8, what is -32 + -227?
-261
In base 16, what is -4 - -1ab?
1a7
In base 7, what is -10 - 4045?
-4055
In base 7, what is 214 + 44?
261
In base 14, what is -64 + 1?
-63
In base 12, what is 1 + 356?
357
In base 5, what is -34 - -30?
-4
In base 4, what is 1 - 23123?
-23122
In base 14, what is 1 - -374?
375
In base 11, what is -1 + -2677?
-2678
In base 15, what is 723 + -3?
720
In base 16, what is -8 - -14?
c
In base 15, what is -2 + 7?
5
In base 5, what is -2 - -2421?
2414
In base 5, what is 404 + -2?
402
In base 2, what is 10 + -1000111?
-1000101
In base 16, what is 25 - -37?
5c
In base 12, what is 9820 - 0?
9820
In base 5, what is 10 - -420?
430
In base 16, what is -4 + -1172?
-1176
In base 13, what is -5b - -c?
-4c
In base 11, what is -18a - 0?
-18a
In base 7, what is 534 - 12?
522
In base 5, what is -3 + 3324?
3321
In base 7, what is -1625 - -1?
-1624
In base 5, what is 114 + -422?
-303
In base 5, what is -331 + 13?
-313
In base 7, what is -1 + 143?
142
In base 2, what is -1101 + 11111000?
11101011
In base 6, what is 5 + 21245?
21254
In base 7, what is -1221 - 0?
-1221
In base 16, what is -1 + -29?
-2a
In base 14, what is -168c + 2?
-168a
In base 6, what is 2515 + 5?
2524
In base 13, what is 2 + 7?
9
In base 12, what is -3 - -2?
-1
In base 8, what is -4214 + -4?
-4220
In base 6, what is 1320 - -24?
1344
In base 12, what is 271 - -9?
27a
In base 13, what is 64 + 10?
74
In base 13, what is -7 + b?
4
In base 13, what is -58 - -28?
-30
In base 3, what is -10 + 10011?
10001
In base 11, what is -22 + -32?
-54
In base 3, what is -100020 + -1?
-100021
In base 9, what is -857 + 5?
-852
In base 16, what is 35b - -6?
361
In base 5, what is 4 + -40?
-31
In base 13, what is 733 - a?
726
In base 12, what is -38 + b?
-29
In base 9, what is -1124 - 4?
-1128
In base 3, what is 12 + 121011?
121100
In base 16, what is -4 + -be?
-c2
In base 12, what is -1 + -1249?
-124a
In base 7, what is 6046 + 3?
6052
In base 5, what is 0 + -103?
-103
In base 8, what is 0 + 5773?
5773
In base 3, what is 2001010 + -100?
2000210
In base 11, what is -9 + 15?
7
In base 12, what is 2 + 501?
503
In base 5, what is 10 + 2?
12
In base 12, what is 28b + -50?
23b
In base 9, what is 10 + -71?
-61
In base 13, what is 8 + -4?
4
In base 4, what is 0 - -1110?
1110
In base 7, what is -10 - 1000?
-1010
In base 2, what is -101000 + -100000110?
-100101110
In base 15, what is -1a2d - -5?
-1a28
In base 7, what is -163 + 53?
-110
In base 9, what is 4 + -32?
-27
In base 2, what is -11 - 110101?
-111000
In base 13, what is 0 - -97?
97
In base 8, what is 1 - 15?
-14
In base 16, what is 35 + 0?
35
In base 10, what is -18 + -123?
-141
In base 6, what is 132 + -21?
111
In base 8, what is 7 + -3?
4
In base 7, what is -5 - 3410?
-3415
In base 7, what is -5 - -162?
154
In base 8, what is 2 - -170?
172
In base 7, what is 31536 - 1?
31535
In base 16, what is 126 - -2?
128
In base 16, what is 533a + 0?
533a
In base 7, what is -11 - -30?
16
In base 14, what is -13c + -5?
-143
In base 4, what is -132003 - -3?
-132000
In base 4, what is -101 - -13122?
13021
In base 16, what is b - -5?
10
In base 8, what is 0 - 325?
-325
In base 7, what is 553 - -3?
556
In base 5, what is 1 - 20?
-14
In base 16, what is 4 + 1f?
23
In base 9, what is -433 - -10?
-423
In base 12, what is -a - 19a?
-1a8
In base 12, what is 5 + -362?
-359
In base 2, what is 1000101 + -101?
1000000
In base 3, what is 0 + 11120000?
11120000
In base 12, what is 2 + -54?
-52
In base 8, what is -574 - 42?
-636
In base 12, what is 99 - -2?
9b
In base 3, what is -12 + 2221?
2202
In base 16, what is -2 - 4d?
-4f
In base 4, what is 300 + -333?
-33
In base 16, what is 1 - -521?
522
In base 8, what is 1164 - 4?
1160
In base 10, what is -500 + 4?
-496
In base 10, what is -2 + -23?
-25
In base 4, what is 1223 - 11?
1212
In base 8, what is -3 - 301?
-304
In base 15, what is 6 + -bc?
-b6
In base 15, what is 6ac - -2?
6ae
In base 9, what is -2 + 40?
37
In base 6, what is 13 - -215?
232
In base 10, what is -8 - -483?
475
In base 2, what is 1 + 100111?
101000
In base 9, what is 2 - 261?
-258
In base 6, what is 1 + 2541?
2542
In base 12, what is -33b3 - 3?
-33b6
In base 2, what is 111010011 + 1001?
111011100
In base 8, what is 5755 - 2?
5753
In base 9, what is 2 - 285?
-283
In base 14, what is 20d0 - -3?
20d3
In base 7, what is -56 + -14?
-103
In base 7, what is -3 - 130?
-133
In base 13, what is a + -17?
-a
In base 2, what is 100 - 11111?
-11011
In base 3, what is 2 - -22?
101
In base 9, what is 4 + -30?
-25
In base 2, what is 10111001110 - 101?
10111001001
In base 10, what is -133 + -13?
-146
In base 5, what is -211 + 31?
-130
In base 13, what is -96 - 3?
-99
In base 6, what is 20223 + 2?
20225
In base 2, what is -1101000110011 + 100?
-1101000101111
In base 14, what is 15 - -d?
24
In base 16, what is 6 - -f3?
f9
In base 7, what is 10 - 3?
4
In base 13, what is 2c27 - -2?
2c29
In base 6, what is 324 + -5?
315
In base 3, what is 2210 + 21?
10001
In base 9, what is -26 - -367?
341
In base 13, what is 8 - -186?
191
In base 16, what is b - -7a?
85
In base 12, what is 3 + 55?
58
In base 6, what is 300 + 2?
302
In base 14, what is 5 + -a74?
-a6d
In base 4, what is -13 + 20330?
20311
In base 12, what is -5 + 224b?
2246
In base 14, what is -484 + -4?
-488
In base 11, what is -29 - 2?
-30
In base 6, what is -255 + -10?
-305
In base 7, what is -134 + -302?
-436
In base 14, what is 238b + 2?
238d
In base 13, what is -1 - 42c?
-430
In base 16, what is -4 + -4b?
-4f
In base 13, what is 5822 - 5?
581a
In base 8, what is -4652 + -5?
-4657
In base 5, what is 2440 + 101?
3041
In base 3, what is -1211 - -20?
-1121
In base 2, what is 1 - 1100110010100?
-1100110010011
In base 9, what is -1 + -211?
-212
In base 4, what is -3 - -211332?
211323
In base 11, what is -2 - -1426?
1424
In base 5, what is -1 + 411?
410
In base 8, what is 3 - 2174?
-2171
In base 4, what is -30 - 22?
-112
In base 10, what is -14097 + 2?
-14095
In base 7, what is 0 - 134?
-134
In base 3, what is 222 + -120?
102
In base 8, what is 113 - -72?
205
In base 3, what is -100 + -101001?
-101101
In base 7, what is 154 - 40?
114
In base 13, what is 6a + -2?
68
In base 2, what is -10010010 - -110?
-10001100
In base 15, what is -4 + 30b?
307
In base 8, what is -3 + 1474?
1471
In base 9, what is 135 - 2?
133
In base 3, what is 2 + -1212?
-1210
In base 8, what is -74 - 10?
-104
In base 13, what is 579 + 23?
59c
In base 13, what is -b + -7a?
-88
In base 10, what is 1 + -42?
-41
In base 4, what is -230211 + 2?
-230203
In base 4, what is 1031 - -31?
1122
In base 13, what is 4 - -39?
40
In base 12, what is -677 - 3?
-67a
In base 15, what is -87 + 1?
-86
In base 9, what is 5 + -577?
-572
In base 14, what is 5 + 2c8?
2cd
In base 3, what is -10 - -100022?
100012
In base 13, what is -3 - -1c?
19
In base 7, what is -3 - 11051?
-11054
In base 16, what is -4b - 8?
-53
In base 8, what is 3 + -620?
-615
In base 11, what is 3 + 30?
33
In base 9, what is -3 + -275?
-278
In base 8, what is 1 + -13375?
-13374
In base 9, what is -171 - 5?
-176
In base 10, what is 148 - -12?
160
In base 5, what is 2432 + 2?
2434
In base 4, what is -10032 - 3?
-10101
In base 4, what is 2 - 2202?
-2200
In base 9, what is -4 + -130?
-134
In base 11, what is -5 + -173?
-178
In base 12, what is 3 - -891?
894
In base 14, what is -1 - -19c?
19b
In base 5, what is -23 + -33223?
-33301
In base 13, what is 25 - -34?
59
In base 12, what is -5 - 3b?
-44
In base 8, what is 1177 + 13?
1212
In base 11, what is 21 + -11?
10
In base 15, what is 5 + -53?
-4d
In base 10, what is -1182 + 2?
-1180
In base 11, what is -111 + 18?
-a4
In base 10, what is 13 + 19?
32
In base 4, what is 11 - -1102?
1113
In base 10, what is 4 + 45?
49
In 